- -333. List the prime factors of j.
239
Let c = 0 - -4. Suppose -y + c = -0*y. What are the prime factors of y?
2
Let v(j) = j**2 + 7*j + 4. Let r = -3 + -2. Let l be v(r). List the prime factors of (-44)/l + 2/(-6).
7
Let u(n) be the second derivative of n**3/6 - n**2 + 3*n. List the prime factors of u(9).
7
Let b(t) = -3*t**3 - 4*t**2 + 2*t + 5. Let x be b(-4). Suppose 2*a - 7*a + x = 0. What are the prime factors of a?
5
Suppose 5*f - 25 = -4*s, f - 9 = -s - 3*f. Let v = s + -3. Let o = v + 0. List the prime factors of o.
2
Let u be (-9)/3 - 1*-5. Suppose 3*b - 3*q - 23 = -2*b, 2*q + u = 0. List the prime factors of b.
2
Suppose 8 + 2 = -5*t. List the prime factors of (1/1 + t)*-4.
2
Let h be ((-54)/(-12))/((-2)/(-4)). Suppose 3*c - d + 6 = 0, -h - 3 = -c + 5*d. List the prime factors of (4 + c)/((-2)/(-12)).
2, 3
Suppose 5*j - 320 = 4*p, 2 = -j - 4*p + 90. Suppose -j = -2*d + 3*w + 27, -4*d - 2*w + 182 = 0. List the prime factors of d.
2, 23
Suppose 0*a - 2*a - 2 = 0. Let l be a + 6*2/4. Suppose l*m + 0*c = 4*c + 18, -14 = -4*m - 3*c. What are the prime factors of m?
5
Let q = 4 + -5. Let r be 0/(q + (1 - 3)). List the prime factors of (-1)/((-3)/15) - r.
5
Suppose -4*g + 0*g - 1662 = -5*d, 5*d - 3*g = 1659. List the prime factors of d.
2, 3, 5, 11
Let y(w) = w**3 - 9*w**2 + w + 3. What are the prime factors of y(9)?
2, 3
Let q = 5 + -5. Suppose o + q*o - 7 = 0. Let m = o + -5. List the prime factors of m.
2
Let y(f) = f**3 - 10*f**2 + 9*f + 2. Let o = -8 - -17. Let q be y(o). Suppose -74 = -5*j - 4*t, -q*t + 14 = j - 2. What are the prime factors of j?
2, 7
Suppose -4*x + 16 + 28 = 0. What are the prime factors of x?
11
Let r = -6 + 28. List the prime factors of r.
2, 11
Suppose -11*a + 1079 = -2452. List the prime factors of a.
3, 107
Let l(x) = 2*x + 19. Let r be l(-8). Suppose 0 = -2*c - r*n + 90, -3*c - 4*n = -7*n - 135. List the prime factors of c.
3, 5
Let g(n) = 18*n + 3. What are the prime factors of g(4)?
3, 5
Suppose -5*l = 2*g + 7, -3*l - 20 - 4 = -g. List the prime factors of g.
3
Suppose -2*h + 24 = -2*z - 8, 5*h = 2*z + 71. Suppose 0 = -4*a - 5*f + 33, -2*a + h + 11 = 4*f. Suppose a*b - b - 5 = 0. What are the prime factors of b?
5
Let c(x) be the first derivative of 1/2*x**2 + 2*x + 1. List the prime factors of c(5).
7
What are the prime factors of -4*3/(-6) + 99?
101
Suppose -m + 0*m = -5*s + 1636, 0 = -3*s - 4*m + 977. List the prime factors of s.
3, 109
Let c(m) = 3*m - 4. Let f be c(4). Suppose f*k = 3*k + 60. Suppose 2*b + k = 3*b. What are the prime factors of b?
2, 3
Let j(k) = -k + 1. Let y(r) = -r + 2. Let a(z) = -5*j(z) + 3*y(z). Let b be a(4). Suppose 5*g = 16 + b. List the prime factors of g.
5
Let z be (-42)/(-36) + (-2)/12. What are the prime factors of (7/z)/(5/25)?
5, 7
Suppose -3*d + 8*d - 220 = 0. Suppose 0*x = -2*x + d. List the prime factors of x.
2, 11
Let z(m) = m**2 + 4 - 3*m**2 + m**2. Let q be z(0). What are the prime factors of 50/q + (-2)/4?
2, 3
Let d be (-2)/6 - 294/9. Let c = -19 - d. What are the prime factors of c?
2, 7
Suppose -1 = j + 17. Let t = j - -41. List the prime factors of t.
23
Let l(x) = 25*x**3 - x**2 + 4. Let d be l(2). What are the prime factors of d/6 + (-4)/(-6)?
2, 17
Let l(o) = o**2 - 10*o + 60. What are the prime factors of l(12)?
2, 3, 7
Let s = 15 + 1. Let p = 38 - s. Suppose -3*m - p + 69 = 5*o, 2*m + 3*o = 30. List the prime factors of m.
3
Let w(y) = -3*y**3 + y**2 - 5*y + 3. What are the prime factors of w(-4)?
3, 7, 11
Let b = 29 - 20. Suppose -2*q + i + 19 = 0, i = 4*q - b*q + 37. What are the prime factors of q?
2
Suppose 4*w - 2*w + 3*g = -4, -2*g + 8 = 4*w. Suppose 2*i + 2*y - 4 = -2*y, 4*y - 24 = -w*i. What are the prime factors of i?
2, 5
Let f(d) = d**3 + 7*d**2 + 4*d - 6. Let o(g) = 7*g + 2. Let i be o(-1). What are the prime factors of f(i)?
2, 3
Let i(c) = -c - 5. Let q be i(-6). Let f be (-1)/(2*(-2)/28). Let w = f - q. What are the prime factors of w?
2, 3
Let o(k) = -5*k - 4. Suppose 44 - 12 = -4*m. Let i be o(m). Suppose 3*d + i = 3*w, -2*d - 3 + 6 = w. List the prime factors of w.
3
Suppose 3*z - 8*z - 410 = 0. What are the prime factors of 1/(-2 - 166/z)?
41
Let y(c) = -2*c. Let r be (30/(-12))/((-2)/(-4)). What are the prime factors of y(r)?
2, 5
Let d(z) = -z + 5. Let r be d(0). Suppose -a + r*m + 3 = -0*m, -a + 33 = m. What are the prime factors of a?
2, 7
Let h = 6 + -2. Let f(z) = -3*z**2 + 3*z + 3. Let p(w) = -8*w**2 + 8*w + 9. Let k(x) = h*p(x) - 11*f(x). List the prime factors of k(-3).
3, 5
Let n(v) = 2*v**2 - 4*v - 2. Let t be n(5). Suppose 2*p = -2*p + t. What are the prime factors of p?
7
Let p(t) = -6*t - 5. Let a be p(-4). Let o be 2/(2 + a/(-10)). What are the prime factors of 248/o - 2/5?
2, 3
Let m = -42 + 30. What are the prime factors of (m/7)/((-5)/35)?
2, 3
Let v(d) = 2*d**2 - 7*d + 5. Let a be v(4). What are the prime factors of -8 + a - (-1 - 1)?
3
Let h(l) = -2*l - 1. What are the prime factors of h(-8)?
3, 5
Suppose 2*f + 5 = q - 5, -3*f - 6 = 0. Let o(a) = a**3 - 7*a**2 + 8*a - 8. List the prime factors of o(q).
2
Let z(d) = d**3 - d**2 + 6. Let b be z(0). Let w = 6 + b. What are the prime factors of w?
2, 3
Let h(l) = 22*l**2 - l - 1. List the prime factors of h(-1).
2, 11
Let j(f) = f**2 - 5*f + 4. Let v be j(6). Let s = v - 7. Suppose 2*t = -s*t + 70. What are the prime factors of t?
2, 7
Suppose 0 = 2*j - 5*f - 3, -2*f - 5 = 5*j - 56. What are the prime factors of j?
3
Let w be (-65)/(-3) + (-1)/(-3). Let l = -11 + w. List the prime factors of l.
11
Let d be -2 + 0 - 18/(-2). Let j(l) = -5*l + 16. Let c(q) = -3*q + 8. Let h(g) = -7*c(g) + 4*j(g). List the prime factors of h(d).
3, 5
Let m = -369 - -626. List the prime factors of m.
257
Let q = -25 + 46. Let v = q + -13. List the prime factors of v.
2
Let b = 11 + 9. List the prime factors of b.
2, 5
Suppose s = 6*s, 635 = 5*t - 3*s. What are the prime factors of t?
127
Suppose 3*z = 2*v - z - 4, -5*v + 5*z = 10. Let m = 26 + v. Let a = -12 + m. What are the prime factors of a?
2
Let c(t) be the second derivative of 2*t**3/3 - 7*t**2/2 - 8*t. List the prime factors of c(6).
17
Let y = 6 - 8. What are the prime factors of y/(-5) + (-565)/(-25)?
23
Suppose -z - 1 = 4*f - 0, -25 = 5*z. Let t be (6/8)/(f/24). Suppose o = -o + t. What are the prime factors of o?
3
Suppose 2*g = g + 3. Suppose -g*q = -2*x - 100, 0 = 4*q - 4*x - 115 - 21. What are the prime factors of q?
2
Let j(a) = a**3 + 11*a**2 - 4*a - 3. Let f be j(-9). Suppose 3*g - 5*s = -2*g + f, -4 = s. Suppose 7*v = 2*v + g. List the prime factors of v.
7
Suppose -4 = 9*l - 10*l. Suppose 0 = -2*w + 5*t + 49, 4*t + 63 = l*w - w. What are the prime factors of w?
17
Let m = 569 + -183. List the prime factors of m.
2, 193
Suppose -d = 4*d. Suppose 4*w + v = 22, -2*w + 5*w - v - 20 = d. What are the prime factors of w?
2, 3
Suppose -o + 3*o = 0. Suppose h = -5*q - 634, -4*q = -o*h + 4*h + 520. What are the prime factors of (-6)/4*q/27?
7
Let a(s) = -4*s + 6. Let q be a(-5). Suppose -3*z + q = -y, 4*z - 18 = -2*y - 0*y. List the prime factors of z.
7
Let v(p) = p**3 + 10*p**2 - 12*p - 2. Let u be 4 + -2 - (-1 + 0). Suppose 0 = h, 3*k + 44 = -k + u*h. What are the prime factors of v(k)?
3
Let m be (-6)/4*826/(-21). Suppose -c + 47 = 2*t, 0 = 5*t + 5*c - 71 - m. List the prime factors of t.
3, 7
Let z be ((-1)/2)/((-2)/12). Let p = z - 1. List the prime factors of p.
2
Suppose -789 = -6*z + 1023. List the prime factors of z.
2, 151
List the prime factors of 1*((-4)/(-2) - -1*2).
2
Let a(w) = 4 - w - 2 + 6 + 3. What are the prime factors of a(0)?
11
Suppose -3*c - 44 = -4*c. Suppose -3*t - 2*z - z + 147 = 0, -2 = -2*z. Suppose -k = -4*f + 3*k + t, -k - c = -5*f. What are the prime factors of f?
2
Suppose -9 = -r - 4. Let j(p) = 4 - 5*p**2 + 0*p**2 + p + 0 - 3 + p**3. List the prime factors of j(r).
2, 3
Let d = 803 - 409. What are the prime factors of d?
2, 197
Suppose 0 = -2*t + 3*v + 244, 3*v = -t + 2*v + 122. List the prime factors of t.
2, 61
Suppose 2*k = -2*k + 24. Suppose 3*x - k = 9. What are the prime factors of x?
5
Let j be (-6)/(-1) + 2 + -1. Let d = 10 - j. List the prime factors of d.
3
Let w(r) be the third derivative of -7*r**4/8 - r**3/6 - 3*r**2. List the prime factors of w(-1).
2, 5
What are the prime f